a prime number?
False
Is 20695 composite?
True
Is 287087 a prime number?
True
Is 2203 prime?
True
Is 13681 prime?
True
Is 73691 composite?
True
Is 40322 a prime number?
False
Is 35381 a composite number?
False
Is 1291 a prime number?
True
Is 5173 a prime number?
False
Is 584659 a composite number?
False
Is 282827 composite?
False
Is 12631 a prime number?
False
Is 17159 prime?
True
Is 63409 prime?
True
Is 3480197 prime?
False
Is 55889 a prime number?
True
Is 1243 composite?
True
Is 2671 a composite number?
False
Is 12661 composite?
True
Is 232387 a prime number?
False
Is 2561 a prime number?
False
Is 409063 prime?
True
Is 2017 prime?
True
Is 4369 a prime number?
False
Is 5988497 composite?
False
Is 256645 prime?
False
Is 719209 a composite number?
True
Is 989231 a prime number?
True
Is 643073 composite?
False
Is 45779 a prime number?
True
Is 153781 a composite number?
True
Is 891481 composite?
False
Is 88789 prime?
True
Is 131249 a prime number?
True
Is 2701 prime?
False
Is 919409 a composite number?
False
Is 485363 composite?
False
Is 9287 a prime number?
False
Is 19681 prime?
True
Is 622927 prime?
True
Is 21891 composite?
True
Is 38113 a composite number?
False
Is 87179 composite?
False
Is 224359 composite?
False
Is 30619 prime?
False
Is 6179 a composite number?
True
Is 105601 a prime number?
True
Is 2371 prime?
True
Is 164039 a composite number?
False
Is 26997 prime?
False
Is 75571 a composite number?
False
Is 15986 composite?
True
Is 6223565 a composite number?
True
Is 8054 composite?
True
Is 24943 composite?
False
Is 12889 prime?
True
Is 1015049 a composite number?
True
Is 9489 a prime number?
False
Is 15527 composite?
False
Is 6847 prime?
False
Is 2189891 a composite number?
True
Is 5599 prime?
False
Is 112673 composite?
True
Is 104245 composite?
True
Is 46763 a prime number?
False
Is 460211 a prime number?
True
Is 2099 a composite number?
False
Is 11558 prime?
False
Is 17881 a prime number?
True
Is 130577 composite?
True
Is 173237 prime?
False
Is 1977 prime?
False
Is 3593 prime?
True
Is 39917 prime?
False
Is 21057 a prime number?
False
Is 37397 composite?
False
Is 2293 prime?
True
Is 74017 a prime number?
True
Is 2388887 composite?
False
Is 10921 a prime number?
False
Is 19157 composite?
False
Is 64994 composite?
True
Is 18583 a prime number?
True
Is 666461 composite?
False
Is 6639155 prime?
False
Is 46559 composite?
False
Is 17851 prime?
True
Is 8419 a prime number?
True
Is 15817 composite?
False
Is 248441 prime?
True
Is 136943 a composite number?
False
Is 7151 composite?
False
Is 11783 composite?
False
Is 154951 a composite number?
True
Is 346589 composite?
False
Is 297881 a prime number?
True
Is 5639 composite?
False
Is 1365461 composite?
False
Is 41639 composite?
True
Is 143911 a prime number?
False
Is 132919 prime?
False
Is 485509 composite?
False
Is 20737 a prime number?
False
Is 7393 a composite number?
False
Is 1249379 a prime number?
False
Is 4201 composite?
False
Is 184211 prime?
True
Is 62731 composite?
False
Is 16547 a prime number?
True
Is 31367 composite?
True
Is 1549221 a composite number?
True
Is 1366 a composite number?
True
Is 225329 a prime number?
False
Is 76207 a composite number?
False
Is 115631 prime?
True
Is 3833 a prime number?
True
Is 1650134 prime?
False
Is 949751 prime?
False
Is 80299 a composite number?
True
Is 4411 a composite number?
True
Is 117071 a composite number?
False
Is 45478 prime?
False
Is 122267 composite?
False
Is 87173 prime?
False
Is 4643 composite?
False
Is 30823 composite?
True
Is 1219 prime?
False
Is 16649 a composite number?
False
Is 11197 composite?
False
Is 38293 composite?
True
Is 169379 a composite number?
True
Is 431537 a composite number?
True
Is 12701 composite?
True
Is 18269 a prime number?
True
Is 107867 a prime number?
True
Is 32401 a prime number?
True
Is 66739 a composite number?
False
Is 39469 prime?
False
Is 43879 a prime number?
False
Is 162209 a composite number?
False
Is 12473 composite?
False
Is 30011 prime?
True
Is 168691 a composite number?
True
Is 410117 a prime number?
True
Is 32707 prime?
True
Is 468721 prime?
False
Is 1073 composite?
True
Is 17734 prime?
False
Is 779 prime?
False
Is 8977 a prime number?
False
Is 70291 a prime number?
False
Is 9411 prime?
False
Is 447539 prime?
False
Is 84827 a composite number?
False
Is 30677 a prime number?
True
Is 119913 a composite number?
True
Is 4391 prime?
True
Is 419 prime?
True
Is 1038985 a prime number?
False
Is 9619 prime?
True
Is 2047889 a composite number?
True
Is 70841 prime?
True
Is 978851 a composite number?
False
Is 31687 composite?
False
Is 56841 a prime number?
False
Is 6947 composite?
False
Is 734093 a composite number?
True
Is 209386 a composite number?
True
Is 148079 a prime number?
True
Is 15053 a prime number?
True
Is 521 a composite number?
False
Is 229001 a prime number?
False
Is 701 a composite number?
False
Is 32117 prime?
True
Is 2953 a composite number?
False
Is 37087 a prime number?
True
Is 105863 composite?
False
Is 172451 prime?
False
Is 203939 a composite number?
True
Is 156473 a composite number?
True
Is 8191 a prime number?
True
Is 33809 a composite number?
False
Is 103811 a prime number?
True
Is 384095 composite?
True
Is 78297 composite?
True
Is 575002 a composite number?
True
Is 127271 a prime number?
True
Is 3337 a composite number?
True
Is 4391 composite?
False
Is 400109 a composite number?
False
Is 3503 prime?
False
Is 5507 prime?
True
Is 52795 prime?
False
Is 1064429 composite?
True
Is 26573 composite?
False
Is 1215883 prime?
False
Is 6218 composite?
True
Is 81643 composite?
True
Is 284029 composite?
True
Is 5251 composite?
True
Is 243543 a prime number?
False
Is 138607 a composite number?
True
Is 223019 a prime number?
True
Is 187349 a composite number?
False
Is 16183 prime?
True
Is 14177 a prime number?
True
Is 30035 prime?
False
Is 227489 prime?
True
Is 1883 a composite number?
True
Is 437 a composite number?
True
Is 145633 a composite number?
False
Is 80263 prime?
True
Is 677 a composite number?
False
Is 88721 composite?
False
Is 125801 a prime number?
False
Is 163397 a prime number?
False
Is 486833 a composite number?
False
Is 5039 prime?
True
Is 94803 a prime number?
False
Is 7993 prime?
True
Is 7807 prime?
False
Is 140473 a prime number?
True
Is 35149 composite?
False
Is 2531471 a prime number?
True
Is 10289 a composite number?
False
Is 56081 prime?
True
Is 4009 a prime number?
False
Is 6457 composite?
True
Is 37717 a composite number?
False
Is 32411 composite?
False
Is 653267 a composite number?
False
Is 10195 a prime number?
False
Is 1355635 composite?
True
Is 228983 composite?
False
Is 46021 a composite number?
False
Is 12439 prime?
False
Is 69313 prime?
True
Is 3067 a composite number?
False
Is 1409 a prime number?
True
Is 1471 a composite number?
False
Is 95311 a prime number?
True
Is 4139 composite?
False
Is 206791 a composite number?
True
Is 243391 composite?
False
Is 192737 a prime number?
True
Is 338993 a prime number?
True
Is 112967 prime?
True
Is 249703 a prime number?
True
Is 46723 composite?
False
Is 1067397 prime?
False
Is 197641 a prime number?
True
Is 12359 prime?
False
Is 3959 prime?
False
Is 85319 a prime number?
False
Is 5793 a prime number?
False
Is 7463 a composite number?
True
Is 14566 prime?
False
Is 526499 a composite number?
False
Is 225286 prime?
False
Is 23259 prime?
False
Is 32177 composite?
True
Is 15734 a composite number?
True
Is 2258 a prime number?
False
Is 627623 composite?
True
Is 66545 a prime number?
False
Is 32954 a composite number?
True
Is 625169 composite?
False
Is 528911 a composite number?
False
Is 5449 a prime number?
True
Is 2787833 prime?
False
Is 94909 composite?
True
Is 1100543 a prime number?
True
Is 942499 composite?
True
Is 1471 composite?
False
Is 379 a prime number?
True
Is 4573 a prime number?
False
Is 88211 a prime number?
True
Is 536539 composite?
True
Is 2785 a composite number?
True
Is 3407 composite?
False
Is 994991 prime?
True
Is 51257 prime?
True
Is 625099 composite?
True
Is 21419 prime?
True
Is 24793 a prime number?
True
Is 234349 composite?
True
Is 47181 prime?
False
Is 31607 a prime number?
True
Is 686353 prime?
True
Is 1317671 prime?
True
Is 49711 a prime number?
True
Is 6991 a composite number?
False
Is 18337 a prime